{"id":86,"date":"2016-11-15T13:43:14","date_gmt":"2016-11-15T12:43:14","guid":{"rendered":"http:\/\/jestesmyrazem.org.pl\/?page_id=86"},"modified":"2017-03-07T11:45:51","modified_gmt":"2017-03-07T10:45:51","slug":"stowarzyszenie-jestesmy-razem","status":"publish","type":"page","link":"http:\/\/jestesmyrazem.org.pl\/?page_id=86","title":{"rendered":"Stowarzyszenie &#8222;Jeste\u015bmy Razem&#8221;"},"content":{"rendered":"<p><strong>Piotr R. Baczewski<\/strong> \u2013 prawnik, dzia\u0142acz spo\u0142eczny, realizator projekt\u00f3w unijnych, prezes Stowarzyszenia \u201eJeste\u015bmy Razem\u201d (od 2005) i szef popularnego o\u015brodka dla os\u00f3b niepe\u0142nosprawnych z terenu Miasta i Gminy G\u00f3rowo I\u0142aweckie \u2013 Centrum Barka (od 2006). Asystent Wojewody Warmi\u0144sko-Mazurskiego (2006-2007).<\/p>\n<p>Otrzyma\u0142 m.in. nagrod\u0119 Marsza\u0142ka Wojew\u00f3dztwa Warmi\u0144sko-Mazurskiego \u201eza wybitne osi\u0105gni\u0119cia w dziedzinie pomocy spo\u0142ecznej\u201d (2013), tytu\u0142 Wolontariusza Roku Miasta G\u00f3rowo I\u0142. i powiatu bartoszyckiego (2016).<\/p>\n<p>Organizator: Wojew\u00f3dzkiego Turnieju Tenisa Sto\u0142owego Os\u00f3b Niepe\u0142nosprawnych (od 2008), Dni Staropruskich (od 2009), Filmowego Pikniku z Barej\u0105 (od 2013). Pomys\u0142odawca i szef Radia G\u00f3rowo (2010) i Telewizji G\u00f3rowo (2014), PRB sp. z o.o. w\u0142a\u015bciciela marki SMARTBUS (2016), wsp\u00f3\u0142tw\u00f3rca Uniwersytetu Trzeciego Wieku w G\u00f3rowie I\u0142aweckim (2017)<\/p>\n<p>Prywatnie \u017ceglarz, motorowodniak i armator od kilkunastu lat zwi\u0105zany z Gi\u017cyckiem, gdzie sp\u0119dza wi\u0119kszo\u015b\u0107 wolnego czasu.<\/p>\n<p>&nbsp;<\/p>\n","protected":false},"excerpt":{"rendered":"<p>Piotr R. Baczewski \u2013 prawnik, dzia\u0142acz spo\u0142eczny, realizator projekt\u00f3w unijnych, prezes Stowarzyszenia \u201eJeste\u015bmy Razem\u201d (od 2005) i szef popularnego o\u015brodka dla os\u00f3b niepe\u0142nosprawnych z terenu Miasta i Gminy G\u00f3rowo I\u0142aweckie [&hellip;]<\/p>\n","protected":false},"author":1,"featured_media":450,"parent":0,"menu_order":0,"comment_status":"closed","ping_status":"closed","template":"","meta":{"footnotes":""},"class_list":["post-86","page","type-page","status-publish","has-post-thumbnail","hentry","clearfix"],"_links":{"self":[{"href":"http:\/\/jestesmyrazem.org.pl\/index.php?rest_route=\/wp\/v2\/pages\/86","targetHints":{"allow":["GET"]}}],"collection":[{"href":"http:\/\/jestesmyrazem.org.pl\/index.php?rest_route=\/wp\/v2\/pages"}],"about":[{"href":"http:\/\/jestesmyrazem.org.pl\/index.php?rest_route=\/wp\/v2\/types\/page"}],"author":[{"embeddable":true,"href":"http:\/\/jestesmyrazem.org.pl\/index.php?rest_route=\/wp\/v2\/users\/1"}],"replies":[{"embeddable":true,"href":"http:\/\/jestesmyrazem.org.pl\/index.php?rest_route=%2Fwp%2Fv2%2Fcomments&post=86"}],"version-history":[{"count":10,"href":"http:\/\/jestesmyrazem.org.pl\/index.php?rest_route=\/wp\/v2\/pages\/86\/revisions"}],"predecessor-version":[{"id":422,"href":"http:\/\/jestesmyrazem.org.pl\/index.php?rest_route=\/wp\/v2\/pages\/86\/revisions\/422"}],"wp:featuredmedia":[{"embeddable":true,"href":"http:\/\/jestesmyrazem.org.pl\/index.php?rest_route=\/wp\/v2\/media\/450"}],"wp:attachment":[{"href":"http:\/\/jestesmyrazem.org.pl\/index.php?rest_route=%2Fwp%2Fv2%2Fmedia&parent=86"}],"curies":[{"name":"wp","href":"https:\/\/api.w.org\/{rel}","templated":true}]}}

Stowarzyszenie &#8222;Jesteśmy Razem&#8221;

<p><strong>Piotr R. Baczewski</strong> – prawnik, działacz społeczny, realizator projektów unijnych, prezes Stowarzyszenia „Jesteśmy Razem” (od 2005) i szef popularnego ośrodka dla osób niepełnosprawnych z terenu Miasta i Gminy Górowo Iławeckie – Centrum Barka (od 2006). Asystent Wojewody Warmińsko-Mazurskiego (2006-2007).</p>
<p>Otrzymał m.in. nagrodę Marszałka Województwa Warmińsko-Mazurskiego „za wybitne osiągnięcia w dziedzinie pomocy społecznej” (2013), tytuł Wolontariusza Roku Miasta Górowo Ił. i powiatu bartoszyckiego (2016).</p>
<p>Organizator: Wojewódzkiego Turnieju Tenisa Stołowego Osób Niepełnosprawnych (od 2008), Dni Staropruskich (od 2009), Filmowego Pikniku z Bareją (od 2013). Pomysłodawca i szef Radia Górowo (2010) i Telewizji Górowo (2014), PRB sp. z o.o. właściciela marki SMARTBUS (2016), współtwórca Uniwersytetu Trzeciego Wieku w Górowie Iławeckim (2017)</p>
<p>Prywatnie żeglarz, motorowodniak i armator od kilkunastu lat związany z Giżyckiem, gdzie spędza większość wolnego czasu.</p>
<p>&nbsp;</p>

<p>Piotr R. Baczewski – prawnik, działacz społeczny, realizator projektów unijnych, prezes Stowarzyszenia „Jesteśmy Razem” (od 2005) i szef popularnego ośrodka dla osób niepełnosprawnych z terenu Miasta i Gminy Górowo Iławeckie [&hellip;]</p>
